 0*s. Calculate t(-6).
2
Let r(b) = -2*b + 4 + b**2 + 6*b + 3*b. Suppose -5*n - 245 = -5*j, -2*j - 5*n + 110 = -10*n. Suppose 0 = 5*v - 15 + j. Calculate r(v).
-2
Let a(d) = -40*d + 18*d + 19*d - 3. Let h(b) = 3*b + 2. Let v(o) = 6*a(o) + 7*h(o). Determine v(6).
14
Suppose 187 = -25*p + 8*p. Let a(n) = n + 16. Give a(p).
5
Let l be 0 + (-4 + 16)/(-3) + 11. Let f(v) = v - 2. Calculate f(l).
5
Suppose -17*j + 2 = -19*j. Let x(y) = -2 + 6*y**3 - 3*y**3 + y + 2. Give x(j).
-4
Let m(j) = -5*j**2 + 8*j - 3. Let o(w) = 2*w**2 + w + 1. Let q(g) = -m(g) - 3*o(g). Determine q(-11).
0
Let f(z) = -9*z - 19. Let l(d) = -5*d - 10. Let r(g) = -6*f(g) + 11*l(g). Let o = -23 + 44. Let t be -3 + (o + 0)/3. Give r(t).
0
Suppose 4*q + y + y = 6, -q = 2*y. Let c(z) = z**2 - 5*z**q + 3*z**2 - 3*z. Calculate c(-4).
-4
Let j(r) = r**3 - r**2 + r + 3. Let y(i) = i**2 - 8*i. Let c be y(8). What is j(c)?
3
Let z(q) = -q**3 - 6*q**2 - 5*q + 7. Suppose 5*a - 6 = -2*y, -3*a + 4 = y - 0. Suppose 4*m + a*h + 16 = 0, -2*m - 10 = -2*h + 4. Determine z(m).
7
Let a(g) = g**2 + 2*g + 2. Let m be a(-1). Let y(i) = 3*i. Calculate y(m).
3
Let g be (1 + (-1)/(-2))/(45/(-120)). Let o(b) = b - 3*b**2 + 6 - b**3 + 3*b - 2. Determine o(g).
4
Let i(d) = -2*d**2 + 2*d + 7. Let v = 20 - 14. Let z be (v/(-10))/(3/(-15)). Let k(j) = 3*j**2 - 3*j - 13. Let q(u) = z*k(u) + 5*i(u). Calculate q(3).
-10
Let b(r) be the second derivative of -r**4/12 + 5*r**3/3 + 9*r**2 - 224*r. Give b(11).
7
Let v(c) = -17*c**2 - 5*c. Let d(p) = 51*p**2 + 18*p - 1. Let g(r) = -2*d(r) - 7*v(r). Determine g(1).
18
Let b(u) = -3*u**2 - 2*u - 5. Let g(d) = 2*d**2 - d - 1. Let i(h) = b(h) + 2*g(h). Determine i(5).
-2
Suppose 2*o + o + 18 = 0. Let u = o - -7. Let m(b) be the second derivative of b**3/6 + b**2/2 - 2*b. What is m(u)?
2
Let m(f) be the third derivative of -f**6/120 + f**5/6 + 7*f**4/24 + 3*f**3/2 + 447*f**2. Calculate m(11).
-35
Let q = -1 - -3. Let h(m) = 9*m + 4. Let z(o) = -43*o - 14. Let a(i) = 4*h(i) + z(i). What is a(q)?
-12
Let k(m) be the second derivative of -m**4/12 - m**3 - m**2 + 9*m. Suppose -12*d = 12 + 60. Calculate k(d).
-2
Let g(i) = 1 + 5*i**3 + 2*i + 7*i**3 - 5*i**3. Let b be (-1 - 1)*(3 - 6). Let h(u) = u**3 - 5*u**2 - 7*u + 5. Let l be h(b). Give g(l).
-8
Let n(o) be the third derivative of o**6/120 - o**5/4 - 7*o**4/12 - 19*o**3/3 + 407*o**2. Calculate n(16).
-6
Let y(m) = 2*m**3 + 2*m**2 + 2*m + 1. Let b(r) = 11*r**3 + 18*r**2. Let c(t) = -b(t) + 5*y(t). Give c(-9).
-4
Let f(c) = c**3 - 2*c**2 - 2*c + 2. Let k be 224/98 - 2*1/7. Determine f(k).
-2
Let s(x) = -6*x**2 - x + 1. Let z be (-6)/((-3)/1) + 1. Suppose -1 = -2*n - z, 2*g - 5*n - 7 = 0. Determine s(g).
-6
Let v(u) = -u**2 - 14*u - 43. Let d be v(-6). Let k(j) be the third derivative of 5*j**2 + 0*j + 1/12*j**4 + 1/60*j**d + 0 + 2/3*j**3. Determine k(-4).
12
Let j be (-10)/(-8)*(11 + -15). Let d(o) = 4*o - 4 - 6*o**2 - o**3 - 7*o - 3*o. Determine d(j).
1
Let q(u) be the third derivative of -u**5/60 - 5*u**4/24 + u**3/6 + 3*u**2. Let w = 21 + -26. What is q(w)?
1
Let y = -3 + 3. Let i(p) = -40 + 58 - 31 + p. Determine i(y).
-13
Let y(d) be the first derivative of -3*d**2/2 + 4*d + 3. Suppose 2*s = -2*m + 7*s + 7, 5*s + 3 = 3*m. Give y(m).
16
Suppose -4*v + 1 = 29. Let r(k) = -k**3 - 12*k**2 + 7*k + 3. Let x(p) = -2*p**3 - 25*p**2 + 14*p + 7. Let l(z) = 13*r(z) - 6*x(z). What is l(v)?
-3
Let h be 2/(((-29)/4 + 7)/(2/(-4))). Let f(k) = -3*k + 3 + 5*k + 2*k. What is f(h)?
19
Let y be (-96)/(-6)*2/4. Suppose 4*a - 6 = -3*t, 4*t - 3*a - y = -2*a. Let v(h) = -2*h + 3 + 13*h**2 - 5 - 12*h**t. What is v(-3)?
13
Suppose 0 = -y + 2*y - 4. Suppose -y*m - 13 = -5*f - 6*m, 0 = 4*m - 16. Let g(v) be the third derivative of v**5/10 + v**4/24 - v**3/6 - v**2. Give g(f).
6
Let m(i) = -i**3 - 8*i**2 + 2*i**3 + 23 - 28 + 9*i. Let g be 3 - 2 - -7 - 1. What is m(g)?
9
Suppose -3*l + v = -l + 16, -5*l - 34 = -v. Let p(o) = -o**2 - 1. Let w(g) = 2 + 6*g - 2 + 4. Let n(m) = -p(m) + w(m). What is n(l)?
5
Let s(l) = -2*l - 13. Let q(i) = -i - 9. Let c be q(-2). Let o be s(c). Let g(u) = -9*u. What is g(o)?
-9
Let o(p) = -p - 4. Suppose -7*v = -13*v + 48. Suppose 45 = -v*j - 7*j. Give o(j).
-1
Let d(z) = -z**2 + 7*z + 6. Suppose 2*t - 7*t - 35 = -2*x, -x - 3*t = 10. Suppose 3*i + 2*h - 16 = 0, x*h - 19 = -i - 3*i. Determine d(i).
12
Let l(y) = -y - 10. Let z = -132 + 132. Let x(n) = -4*n. Let u be x(z). Calculate l(u).
-10
Let r(k) = k**3 - 11*k**2 - 9*k - 34. Let m be r(12). Let f(d) be the second derivative of -3*d**m + 7/6*d**3 - 5*d + 0 - 1/12*d**4. Give f(5).
4
Let i = 55 + -41. Let q(d) = 3 - i*d + 5*d + 132*d**2 - 131*d**2. Calculate q(6).
-15
Let w = 89 + -80. Let i(a) = a + 3. Calculate i(w).
12
Let c(n) = -n**2 + 4*n - 15. Let s be c(6). Let h = s + 22. Let u(d) = -d - 2. What is u(h)?
3
Suppose 3*w + 5*l = 2*w, 0 = w - 3*l. Suppose 0 = m + 4*o + 14, -m - 2*o + 4*o + 16 = w. Let k be (6/m)/(-2 + 1). Let j(h) = -15*h**3 + 2*h + 1. What is j(k)?
14
Let y(l) = -3*l + 20*l - 7*l + 2 - 2*l - 6*l. Let v(a) = -2*a**2 - 1. Let w be v(-1). Let g be -1 - 1 - -3 - w. Calculate y(g).
10
Let f(w) = -w + 8. Let b be -7*(-8)/(-14)*-2. Let i be 2*(-4)/b*0. Calculate f(i).
8
Let s(b) = 6*b**2 + 0*b**2 + 9*b + b**3 + 5*b**2 - 11. Let u(l) = -2*l**2 + 7*l + 20. Let k be u(6). Determine s(k).
-1
Let l(u) = -5*u - 8. Let c(o) = o**2 + 3*o - 4. Let d be c(-2). Calculate l(d).
22
Let w = -61 - -55. Let l(i) = i - 4. What is l(w)?
-10
Let l = 50 + 0. Let i be (-20)/l + (-64)/(-10). Let g be 3/i + (-3)/2. Let j(r) = 8*r - 1. Calculate j(g).
-9
Let q(d) = 4*d**3 - 2*d**2 + 2. Let j be (-4)/((2/(-6))/((-2)/(-12))). Give q(j).
26
Suppose -50*k - 37 - 947 = -214*k. Let o(n) = -n. Let y(g) = -g**3 + 6*g**2 - 2*g - 3. Let p(s) = 2*o(s) - y(s). Calculate p(k).
3
Let b(s) be the second derivative of s**6/360 - s**4/24 + s**3/2 - 4*s. Let w(i) be the second derivative of b(i). What is w(-2)?
3
Let a(h) = 5*h + 26. Let l(b) = 3*b + 14. Let t(n) = 4*a(n) - 7*l(n). Determine t(14).
-8
Let i = 10 - 5. Suppose -i = -z - 8. Let t(a) = a + 3 + 0*a - 4. What is t(z)?
-4
Let p(g) = -7*g**2 + 2*g**3 - 5*g**3 + g**2 + 230*g + 2 - 232*g. Determine p(-2).
6
Let i(z) = 6*z - 511 + 1027 - 517. Determine i(-1).
-7
Let w(l) = -3*l**2 - 3*l - 1. Let v be (-228)/(-12) - 3/(-1). Suppose 24*u + 4 = v*u. Give w(u).
-7
Let i(j) = -j**2 - 11*j - 12. Let m(c) = -3*c - 4. Let g(y) = -y**3 - 12*y**2 + y + 14. Let b be g(-12). Let x be m(b). Calculate i(x).
-2
Suppose 0 = -2*j - 3*j + 200. Let b(d) = j*d - 36*d + 2*d**3 + 3*d**2 - 2 - 3*d**3. Calculate b(4).
-2
Let v = -193 + 203. Let p(x) = -x**2 + 10*x - 9. Calculate p(v).
-9
Suppose -11 = -3*u + 22*b - 26*b, 0 = 2*u + 3*b - 6. Let l(v) = v - 14. Calculate l(u).
-5
Suppose 3*i - 27 = 3*p, -5*p - 17 = -4*i + 24. Let s(b) be the first derivative of 1/3*b**3 + 2*b + 1/2*b**2 + i. Give s(3).
14
Let v(o) = -6*o - 758 + 247 + 254 + 251. Let x(s) = -s. Let i be x(4). Calculate v(i).
18
Let u be (-9)/(-1)*(-3)/(-9). Suppose -9 - 31 = -4*q + 4*w, -35 = -4*q + u*w. Let m(k) = -k - q + 0 + 2 + k**2 + 4 - 8*k**3. Determine m(1).
-7
Let w(f) = -4*f**3 - f. Suppose 5*z - v = -5, 2*z + v - 16 = 5*v. Let q be ((-1)/z)/((25/(-10))/(-5)). Calculate w(q).
-5
Let s = -256 + 255. Let j(t) = 19*t**2 + 2*t + 1. What is j(s)?
18
Let i(a) = -4 + 5 + 0 + 22*a**2. Calculate i(-1).
23
Let o(b) = -2*b - 6. Let c be o(3). Let n = 26 + c. Let t be (-4)/14 - 66/n. Let k(p) = p**2 + 6*p + 7. Calculate k(t).
2
Let z(l) = l + 11. Let r(j) = j + 9. Let f be r(-5). Suppose 5*q = f*q. Give z(q).
11
Let m(q) = 13*q - 11. Let k(z) = 16*z - 12. Let v(b) = 2*k(b) - 3*m(b). Give v(-5).
44
Let v(l) = -4*l + 2. Let o be v(2). Let i = -4 - -15. Let d(x) = 5 + 2*x - 12 + i. Determine d(o).
-8
Suppose 2*w = -3*w + 20. Suppose -r - w = -2*x, r - 4 = -2*r + 2*x. Suppose -r*m - 19 = 13. Let a(b) = b + 11. Determine a(m).
3
Let p(s) = 3*s**2 - 5*s + 3 - 12*s**3 + 1 + 43*s**3 - 30*s**3 - 2. Give p(-4).
6
Let f(y) = 2*y - 1 - 2 + 1. Let w = -197 + 199. Let v be (4 - w) + 2/(-6)*-6. Give f(v).
6
Let j(q) = -q - 12. Let k = -449 - -430. Determine j(k).
7
Let x(o) = -o - 12. Let p be (-189)/(-42)*(2 - (2 - -2)). Determine x(p).
-3
Suppose 14*x - 12*x = -20. Let y(r) = r + 7. Determine y(x).
-3
Let a(c) = 3